46191477 composite?
True
Is 2436307399 composite?
True
Is 3226606433 a composite number?
False
Is 11120060141 prime?
True
Is 5012070131 a prime number?
True
Is 1055661961 a composite number?
True
Is 102996741383 a composite number?
False
Is 10589281931 composite?
False
Is 30886368059 a prime number?
True
Is 247903529 a composite number?
True
Is 606277921 a prime number?
False
Is 235043353 composite?
False
Is 24455279681 prime?
False
Is 55508183 a composite number?
True
Is 14262392251 composite?
True
Is 200994630149 a prime number?
False
Is 11927150311 prime?
True
Is 256598134445 a prime number?
False
Is 266844439 prime?
False
Is 44956978181 composite?
False
Is 9138981433 prime?
True
Is 7175289743 a prime number?
False
Is 1758494167 a prime number?
True
Is 2971609903 a prime number?
False
Is 5762208227 prime?
True
Is 1168611271 composite?
False
Is 1751650037 a composite number?
True
Is 12236268037 prime?
False
Is 246731087 a prime number?
True
Is 16339696939 prime?
True
Is 3471460669 composite?
False
Is 3678158437 prime?
False
Is 327447859 a prime number?
True
Is 671742733 a composite number?
True
Is 10469125841 a prime number?
False
Is 13422700699 composite?
False
Is 215005951163 prime?
False
Is 6416594845 prime?
False
Is 148430407 prime?
True
Is 2549511299 composite?
True
Is 198714703 prime?
False
Is 7745409946 prime?
False
Is 161665738447 a prime number?
True
Is 270996478 a composite number?
True
Is 54357691823 a prime number?
True
Is 19591902119 a composite number?
True
Is 75221606549 a composite number?
False
Is 113473500799 composite?
False
Is 27744539 composite?
True
Is 1362868861 a composite number?
True
Is 491169203 a prime number?
False
Is 13163177779 composite?
True
Is 3180725369 composite?
False
Is 26038787113 composite?
True
Is 3667094969 composite?
True
Is 16986013201 prime?
False
Is 15586111991 prime?
False
Is 1341306079 composite?
False
Is 83090797 composite?
True
Is 9141809657 a composite number?
False
Is 1231919779 prime?
True
Is 487821431 composite?
True
Is 60172372331 composite?
False
Is 15682058497 a composite number?
True
Is 1302701639 a prime number?
True
Is 11508018847 composite?
True
Is 23188162331 composite?
True
Is 4489751941 prime?
False
Is 306101077 a composite number?
True
Is 275161058 a prime number?
False
Is 106779988817 prime?
False
Is 261360821 composite?
False
Is 87760609951 a prime number?
False
Is 8866254459 composite?
True
Is 104261314333 a prime number?
False
Is 911277047 a prime number?
False
Is 733694305 composite?
True
Is 2385757937 composite?
False
Is 2886546287 a composite number?
False
Is 159080839 a prime number?
True
Is 740541083 a prime number?
False
Is 6758404379 a prime number?
True
Is 38193066437 a composite number?
True
Is 239347079 a prime number?
True
Is 2763004093 a composite number?
False
Is 76608661 a prime number?
True
Is 9809962189 prime?
False
Is 2249657479 a composite number?
True
Is 206338073 a prime number?
True
Is 526589431 a composite number?
True
Is 156515885797 composite?
False
Is 999051341 prime?
True
Is 43105446745 composite?
True
Is 74448240599 a composite number?
True
Is 1005921961 a composite number?
True
Is 8732432557 composite?
True
Is 13378531913 a prime number?
False
Is 20390115127 composite?
False
Is 25994298709 a composite number?
False
Is 4277346403 a prime number?
False
Is 5752900799 composite?
False
Is 433661779 prime?
False
Is 21641747341 a composite number?
False
Is 58680978443 composite?
False
Is 276474221 a prime number?
True
Is 1154931901 a composite number?
False
Is 24894951787 prime?
True
Is 31638277 a composite number?
True
Is 23560591583 prime?
True
Is 169057081 a prime number?
True
Is 64516436633 a prime number?
False
Is 4652903777 composite?
False
Is 26398044583 composite?
False
Is 25063484647 composite?
False
Is 116014867037 prime?
True
Is 33875600513 a composite number?
False
Is 21647931187 a prime number?
False
Is 424915877 prime?
False
Is 570774419 a composite number?
True
Is 2897637455 a prime number?
False
Is 56207681161 a prime number?
True
Is 65690234581 prime?
False
Is 3920752877 prime?
True
Is 196009237 composite?
True
Is 5106709301 a composite number?
False
Is 15421545247 prime?
False
Is 2297540849 a composite number?
False
Is 15195834919 prime?
True
Is 138288938569 a composite number?
False
Is 214436328221 a prime number?
False
Is 98913060943 prime?
True
Is 203955273321 composite?
True
Is 16672010777 a prime number?
False
Is 40446950459 prime?
True
Is 21936585581 a prime number?
True
Is 38224733749 a prime number?
True
Is 1817990921 a prime number?
True
Is 3072119597 a composite number?
False
Is 4490616659 a composite number?
True
Is 1737990091 a prime number?
False
Is 992213309 a composite number?
True
Is 5598292531 composite?
True
Is 508178947 prime?
True
Is 99777091 a composite number?
False
Is 1916961203 composite?
False
Is 1327406921 a prime number?
False
Is 6155689357 a prime number?
False
Is 10827397297 composite?
False
Is 16144696419 prime?
False
Is 437769247 a composite number?
True
Is 802200703 a composite number?
True
Is 16845754279 a composite number?
False
Is 30136372217 composite?
True
Is 46673023181 a composite number?
False
Is 4435566887 a prime number?
False
Is 5839980337 prime?
True
Is 1899479665 a prime number?
False
Is 41884620907 prime?
True
Is 50162335261 a composite number?
True
Is 15674153633 composite?
False
Is 3778183223 composite?
False
Is 2929953209 a composite number?
False
Is 30136073 a composite number?
True
Is 35856602807 a prime number?
True
Is 30980283619 prime?
False
Is 47393808703 a prime number?
True
Is 564521343 composite?
True
Is 4659172997 composite?
True
Is 5345225607 prime?
False
Is 19343369179 prime?
True
Is 197044781 composite?
True
Is 3438291581 a prime number?
True
Is 559112591 a prime number?
False
Is 11591453527 prime?
True
Is 1294229077 a prime number?
True
Is 2380227881 prime?
True
Is 1205876357 a prime number?
False
Is 191318521 composite?
True
Is 50037391 prime?
True
Is 154479345973 composite?
True
Is 57429487537 composite?
True
Is 1765792903 composite?
True
Is 37706543101 composite?
False
Is 46194463949 a composite number?
True
Is 16729078 composite?
True
Is 598073779 prime?
True
Is 4041799013 composite?
True
Is 3492171689 prime?
True
Is 58790477107 composite?
True
Is 1522641311 prime?
True
Is 40395945679 a composite number?
False
Is 5948734573 prime?
True
Is 4116910745 composite?
True
Is 5674137397 a prime number?
False
Is 4235613479 composite?
False
Is 3465165169 a prime number?
True
Is 34516685381 a composite number?
False
Is 2945462809 prime?
False
Is 18181473097 a prime number?
False
Is 96922571063 a prime number?
True
Is 10276652473 a composite number?
True
Is 873660281 a composite number?
True
Is 196664205887 prime?
True
Is 1672147007 prime?
True
Is 7066073233 a composite number?
False
Is 4945979389 a prime number?
False
Is 3647988881 prime?
True
Is 169242809 prime?
False
Is 279114043 a prime number?
False
Is 432913463 a composite number?
True
Is 2973313703 prime?
True
Is 32791037 a prime number?
True
Is 1433312099 prime?
False
Is 1573051307 a prime number?
True
Is 5866954153 composite?
True
Is 11901534941 composite?
False
Is 1647076679 a prime number?
True
Is 4609223695 a prime number?
False
Is 18664701683 composite?
False
Is 81647316323 a prime number?
True
Is 32867637001 prime?
True
Is 73695905 composite?
True
Is 7433475719 composite?
False
Is 3138239879 composite?
False
Is 130460978 a composite number?
True
Is 335089283 a composite number?
False
Is 18648419419 composite?
True
Is 4886791817 prime?
True
Is 14874161 composite?
False
Is 206010395387 composite?
False
Is 1961787517 a prime number?
True
Is 90174857 a prime number?
False
Is 208980289 composite?
True
Is 44110813 a prime number?
True
Is 1970777353 a composite number?
True
Is 1294549691 prime?
True
Is 27797214689 composite?
False
Is 700971511 a prime number?
True
Is 253950421091 a composite number?
False
Is 842785579 a composite number?
False
Is 9197237177 a prime number?
True
Is 17242996663 a composite number?
True
Is 620393701 a prime number?
True
Is 4518436541 composite?
True
Is 948792329 a prime number?
True
Is 5231658007 a prime number?
True
Is 2491246579 prime?
False
Is 53190083509 prime?
True
Is 2530687963 prime